 3*j + 9 = 0, 0*m + 2*m - 4*j + 12 = 0. Suppose m = 14*c - 10*c - 44. What is the tens digit of c?
1
Let m = 144 - 158. What is the tens digit of m*((-81)/4 + 8/32)?
8
Suppose 9*m = -0*m. Suppose -47*w + 45*w + 84 = m. What is the units digit of w?
2
Suppose -23*a = -27*a + 84. Let y(x) = 30*x - 1. Let s be y(5). Let k = a + s. What is the tens digit of k?
7
Let c be ((-30)/(-8))/(1/(-4)). What is the tens digit of (-34*17/6)/(c/45)?
8
What is the hundreds digit of 4509 + (-2 - -14)*16/32?
5
Let z(a) = 17*a**2 - 124*a + 13. Suppose 6*l - 77 + 11 = 0. What is the hundreds digit of z(l)?
7
Let j(x) = -3*x**3 - 3*x**2 - x. Let c(s) = -7*s**2 + 69*s + 5. Let r be c(10). What is the tens digit of j(r)?
0
Suppose -5*k + 1666 = 44*k. Let g(j) = 32*j + 37. What is the thousands digit of g(k)?
1
Let p = 21064 - -24198. Suppose -63*d + 2*d = -p. What is the tens digit of d?
4
Let g(k) = 414*k**2 + 61*k + 224. What is the hundreds digit of g(-5)?
2
Let u(d) = 87*d - 134. Let z(i) = -i**3 - 9*i**2 - 5*i + 30. Let a be z(-8). What is the tens digit of u(a)?
8
Let r = 5622 + -1543. What is the thousands digit of r?
4
Let i(w) = 69*w + 49. Let o(d) = -2*d - 2. Let y(n) = -i(n) - 6*o(n). What is the hundreds digit of y(-12)?
6
Let p(z) be the third derivative of 0*z - 13*z**2 + 0 + 1/2*z**3 + 11/60*z**5 - 1/3*z**4. What is the tens digit of p(3)?
7
What is the thousands digit of ((-19700)/150)/((-2)/1572*4)?
5
Let n(s) = 60*s - 2. Let t(p) be the second derivative of p**3/6 - 5*p**2/2 + 3*p. Let l be t(6). What is the units digit of n(l)?
8
Suppose 0 = -4*l - 4*k - 22 - 2, 5*l + 27 = -4*k. What is the tens digit of l - ((-901)/34 + (-5)/(-2))?
2
Let u = -159 + 256. Let y = -93 + u. Suppose f + 2*l = -l + 2, 0 = 4*f - y*l - 8. What is the units digit of f?
2
Let q(a) = -9*a - 21. Let c = 3 - -8. Let j be q(c). Let t = j + 213. What is the tens digit of t?
9
Suppose 15536*w + 3772572 = 15604*w. What is the hundreds digit of w?
4
Let p(y) = -y**2 - 6*y - 2. Let j be p(-5). Let o be (-129)/(-15) + 1 + (-15)/25. Suppose -5*w = -4*w + j, 3*i - 2*w - o = 0. What is the units digit of i?
1
What is the tens digit of (-5*((-6)/45)/(-1))/((-39)/702234)?
0
Let s be (-18)/4*(-2 - 208/3). Suppose 7*m - 2113 + s = 0. What is the hundreds digit of m?
2
Suppose -2*d - 14 = -z, 3*z + z = 4*d + 36. Suppose p - 8 = 3*r, z*p + 2*r + 2*r = 0. What is the units digit of (-233)/(-2 - p - -3)?
3
Let x = -26 + 57. Suppose -x*d = -37*d + 2088. What is the tens digit of d?
4
Let o(t) = 14*t**2 + 13*t - 743. What is the thousands digit of o(37)?
8
Suppose 0 = 5*i + 3*p + 17 + 2, 13 = i - 5*p. What is the units digit of 3 + 1 + (i - -259)?
1
Let t(c) = c**3 - 5*c**2 - 21*c + 15. Let h = -4 + 29. Let p = h + -17. What is the tens digit of t(p)?
3
Let d(u) = u**3 + 64*u**2 - 107*u - 49. What is the ten thousands digit of d(-42)?
4
Let t = 119 - 126. What is the hundreds digit of 390/6*t/(140/(-104))?
3
Suppose -6*d + 16 = -20. Let n(c) = 7*c**2 + 15*c**3 - 4*c**3 - 10*c**3 - d - c - c. What is the tens digit of n(-6)?
4
Let h(v) = -v**2 + 9*v - 6. Let q be h(8). Suppose -q*b + 3 = -7. Suppose -b*i - 3*d = -5*d - 141, -3*i + 79 = -4*d. What is the units digit of i?
9
Suppose 8 = 4*d + 4*n, 3*d + 4*n = 6*n - 19. What is the units digit of d/((-132)/1592) - (-2)/(-11)?
6
Suppose -2*r + 45 = 7*r. Suppose -5*t - 15 = -5*s, 2*t - 4*t - 15 = -r*s. Let i(b) = -b**2 - 2*b + 86. What is the tens digit of i(t)?
8
Suppose 4*s + 8 = -0*s, 3*m + s = 70. Let p = -81 - -87. Let o = m + p. What is the tens digit of o?
3
Let o = -691 - -691. Let q(n) = 6*n - 124. Let s(b) = -b. Let w(u) = -q(u) + s(u). What is the units digit of w(o)?
4
Let h(y) = -6*y**3 - 10*y**2 - 5*y + 29. Let z be h(-14). Suppose -16*r = -z + 5659. What is the tens digit of r?
5
What is the hundreds digit of (77/7)/((-11)/50952*-8)?
3
Let t(h) = 33*h**2 - 2*h - 15. Let v(k) = 33*k**2 - 3*k - 16. Let c(w) = 3*t(w) - 2*v(w). What is the tens digit of c(-3)?
8
Let s be 1339/7 - 30/105. Suppose 141 = c + 4*x, -4*c + s = -3*x - 354. Let j = c + -66. What is the tens digit of j?
7
What is the ten thousands digit of (2/((-2)/(-349)))/(11*(-15)/(-21615))?
4
Suppose -20 = -4*f + g, -5*g + 25 = 6*f - f. Suppose 3*z - 21 = -t - 72, -f*z - t - 83 = 0. Let c = 4 - z. What is the units digit of c?
0
Let d(p) = 45*p**2 + 23*p + 121. What is the units digit of d(-14)?
9
Let w(r) = 35*r + 255. Let v be w(-7). Suppose -2*b = v, -3*b + 1737 = 4*c - 1812. What is the tens digit of c?
9
Let l be (4 - 2 - -5050)*3/6. Suppose 0 = -5*p + 22*a - 19*a + l, p = 5*a + 514. What is the units digit of p?
4
Let s be -54 - (-2 + -3 + 5)/(-4). Let k = s - -56. Suppose -k*p + 3*z = -213, 5*p - 2*z = -0*z + 538. What is the hundreds digit of p?
1
Let r(t) = 3*t**2 - 29*t - 15. Let f(k) = 8*k**2 - 86*k - 45. Let z(h) = -4*f(h) + 11*r(h). What is the units digit of z(15)?
5
Let g = 82 - 148. Let t = 82 + g. What is the hundreds digit of t*(1 + (-33)/(-4) - -2)?
1
Suppose -21*x = 5*t - 16*x - 137455, t - 27476 = 2*x. What is the ten thousands digit of t?
2
Suppose -5*m - 1656*a + 199494 = -1655*a, 5*a - 159570 = -4*m. What is the units digit of m?
0
Let s = 38592 + -21579. What is the ten thousands digit of s?
1
Let x = -29 - -33. Let h(g) be the second derivative of 5*g**4/6 + 2*g**3/3 - 3*g**2 - 18*g. What is the units digit of h(x)?
0
What is the tens digit of (35 - 42) + 22224/3?
0
Let n = 552 - 565. Let l(d) be the first derivative of d**4/4 + 5*d**3 + 8*d**2 - 15*d - 1. What is the tens digit of l(n)?
1
Let v be ((-5)/(-2))/(2/116). Let z be (12 + -6 - 3)/(18/12). Suppose v + 207 = z*d. What is the tens digit of d?
7
Let w(k) = -k**3 - 26*k**2 - 20*k - 44. Suppose 8*x - 7*x + 2*h = -19, -5*x - 4*h - 119 = 0. What is the tens digit of w(x)?
2
Suppose 3*q + 131 = 29. Let b be ((-2)/6)/((-41)/(-3690)) - -8. Let g = b - q. What is the tens digit of g?
1
Let g be 9/((-7)/(-56)*8). What is the hundreds digit of (6/g)/((-8)/(-15924))?
3
Let h be 4*72/(-27)*-9. What is the hundreds digit of h/64 - (-2157)/2?
0
Suppose -4*q + 4*t = 0, 5*t - t + 2 = 3*q. Suppose -114*f - 28 = -100*f. What is the units digit of (248 - (-3 - -4)*f) + q?
8
Let z(m) = 4*m**2 - 2*m - 2. Suppose r - 1 = 1. Suppose -4*k = -g - 3 + 1, r = -g - 3*k. What is the tens digit of z(g)?
1
Let j(g) = -g**3 + 10*g**2 + 10*g + 31. Let h be j(-9). Suppose -2200 = -3*t + u, 0 = 2*t - 4*u - 0*u - h. What is the hundreds digit of t?
7
Let y(s) = -s**2 - 4*s + 2. Let o be 42/(-56) + (-26)/8. Let l be y(o). Suppose -46 = -3*k + k - l*r, -4*k + 3*r = -99. What is the tens digit of k?
2
Let y = -87 - -97. Let i = y + 0. Suppose -p = 4*d - 231, -i*p - 5*d + 231 = -9*p. What is the hundreds digit of p?
2
Let f(g) = 6*g**2 + 18*g + 39. Let a be f(-12). Let b = a + -323. What is the units digit of b?
4
Let f(j) = -j - 68. Let o be f(-16). Let i = o - -93. Suppose -72 = -2*n + 2*a, 151 = 5*n - a - i. What is the units digit of n?
9
Let o(r) be the second derivative of 43*r**7/840 + r**6/720 + r**4/2 + 18*r. Let q(t) be the third derivative of o(t). What is the hundreds digit of q(-1)?
1
Let g(r) be the first derivative of -57*r**2 + 29*r - 344. What is the units digit of g(-10)?
9
Let i(c) = 41*c**2 + 5*c + 6. Let f be i(-4). Suppose 0 = -18*l + f + 36258. What is the hundreds digit of l?
0
Let j be 2/13 + (-319)/(-377). Let x(i) = 214*i + 2. What is the tens digit of x(j)?
1
Let p = -52 - -56. Suppose p*k - 437 = -5*t, 3*k = -2*k - t + 520. What is the hundreds digit of k/1 - (-4)/4?
1
Suppose -7*z + 3*z + 3*a = 8, 2*z + 14 = -a. Let i(s) = s + 8. Let q be i(z). Suppose -4*w + 278 = -x, -q*w - 2*x + 332 = 118. What is the tens digit of w?
7
Let v(i) = 1239*i + 1140. What is the hundreds digit of v(13)?
2
Let l(o) = 6*o**2 - 15*o - 19. Suppose -4*z + f = 25 - 6, 4*z + f + 29 = 0. What is the hundreds digit of l(z)?
2
Let i = 8219 + -4480. What is the units digit of i?
9
Let m(x) = 43*x**3 + 7*x**2 + 15*x + 26. Let j be m(-6). What is the tens digit of 2/10 + j/(-125)?
7
Suppose 20 = 4*z, -8135 = -5*l - 4*z + 31620. What is the hundreds digit of l?
9
Let w = -2180 + 6495. What is the tens digit of w?
1
What is the ten thousands digit of (4*27/72)/((-6)/(-92384))?
2
Let w = -400 + 8517. What is the thousands digit of w?
8